*u - h = 0, -2*r - u + z = 0. What is the tens digit of r?
9
Let k = 211018 - 146790. What is the hundreds digit of k?
2
Suppose 52*b - 476179 = -10*b - 11*b. What is the thousands digit of b?
6
Let q(d) = -d**3 - 30*d**2 + 12*d - 63. Let o be q(-31). What is the tens digit of ((-126)/(-21))/(4/o)?
8
Let w be 4/(-6)*(-9)/(-6). Let n be 18*w - (5 - 5). What is the tens digit of (-12)/n - 332/(-6)?
5
Suppose x = -4*j + 25, -5*j + 2*j + x + 10 = 0. Suppose -y - 5*b = 23, 3*y = j*y - 3*b - 6. What is the tens digit of (y - 21/(-6))/(3/540)?
9
Suppose -56*c + 95608 = -35768. What is the tens digit of c?
4
Let a be 5 + -6 + 9 + -3 + 0. Suppose -a*h + 10 = -15, -3*p + 872 = -2*h. Let i = 550 - p. What is the hundreds digit of i?
2
What is the tens digit of (1 - -1059) + 0/40?
6
Let t = -11 - -21. What is the hundreds digit of (-802)/t*-11 + (-12)/60?
8
Suppose -2*w + 4*x + 66773 = 21967, 2*w + 4*x = 44798. What is the thousands digit of w?
2
Suppose b = 5*l - 627, b + 3*b = 5*l - 618. Suppose r = 3*k - l, -18 = 3*r - 9. What is the tens digit of k?
4
Suppose 64*u = 61*u. What is the units digit of (-2346)/(-6) + (-5 - u)?
6
Let s be ((-54)/36)/((-1)/696). Let y = s + -482. What is the units digit of y?
2
Suppose 0 = -3*q + 9046 + 32918. What is the units digit of q?
8
Let k(i) = 53*i. Let p be k(1). Suppose 1290 = -p*s + 48*s. Let w = s + 430. What is the tens digit of w?
7
Let k be (-42)/(-189) + 16/9. Suppose -9*p - k*p + 4488 = 0. What is the tens digit of p?
0
Let a(c) = -c + 47 - 49 - 3*c. Let z be a(-1). Suppose 17 = z*x - 101. What is the units digit of x?
9
Let u = 32 + -25. Let r(z) = 2*z**2 + 14*z + 5. Let q be r(u). Let c = 285 - q. What is the units digit of c?
4
Suppose 8*k + 111 = -2305. Suppose 34 = -j - 100. Let o = j - k. What is the tens digit of o?
6
What is the thousands digit of (37 + 7)/(-11) + 11428 + -3?
1
Let n be (-77 + 78)/(1*(-2)/18). Let c(l) = -29*l + 67. What is the units digit of c(n)?
8
Suppose -2*v + 9*v = -616. Let f = 628 + v. What is the units digit of f?
0
Suppose 0 = -27*y + 146635 + 73037. What is the thousands digit of y?
8
Suppose 0 = -4*w + 4*r + 24, 3 = 3*w + 2*r - 5. Let l be (-2)/((-32)/12)*w + 0. Suppose 612 = l*u + 186. What is the hundreds digit of u?
1
Let c = -13295 - -23581. What is the ten thousands digit of c?
1
Suppose -6*m - 2*m + 776 = 0. Let h = 136 - m. What is the units digit of h?
9
Let f = 3102 + -2173. Suppose 18*h - 1393 - f = 0. What is the units digit of h?
9
Suppose 0 = -288*l - 103*l + 7390291. What is the tens digit of l?
0
Let k(j) = 1325*j**3 - 3*j**2 + 64*j - 119. What is the ten thousands digit of k(2)?
1
Suppose 3*n + 2*n - 35 = 2*d, 0 = -4*n - 4*d. Suppose z = n*q + 4, z + 20 = 6*z - q. What is the hundreds digit of (-6)/10 - z/((-100)/4015)?
1
Suppose -3*w = -6*w + 3*x + 12, -4*w = x - 41. Let n(l) = l**3 - 8*l**2 - 11*l + 13. Let h be n(w). What is the tens digit of -3*(h/9)/5*99?
3
Let f(k) = 2*k**3 + 74*k**2 + 39*k + 3. What is the hundreds digit of f(-36)?
1
Let n(v) be the first derivative of 95*v**2/2 - 20*v + 24. What is the units digit of n(1)?
5
What is the thousands digit of 802536/60 + -2 + -8*15/(-50)?
3
Let s(i) = i**3 + 8*i**2 - 8*i - 14. Let v be (2 - 0)*3/3. Suppose 0 = 2*p - h + 16, 8 = -p + h + v*h. What is the tens digit of s(p)?
5
Let j be -2 + (1 - 12/(-2)). Suppose -1698 = -2*c + 55*z - 56*z, j*c + 4*z = 4248. What is the hundreds digit of c?
8
Suppose 93*y - 2102604 = 13*y - 4*y. What is the units digit of y?
1
What is the hundreds digit of ((-46676182)/(-428))/(14/4)?
1
Let m(i) = 379*i**2 - 377*i + 4258. What is the tens digit of m(11)?
7
Let d = 188 - -32. Suppose d*o - 208*o - 8952 = 0. What is the hundreds digit of o?
7
Let t(o) = 16*o + 80. Let h(y) = 336*y + 1680. Let c(b) = -16*b + 16. Let p be c(5). Let v(q) = p*t(q) + 3*h(q). What is the units digit of v(-18)?
8
Suppose -4*t - j = -3424, -5*t + 3670 + 607 = 2*j. Let u = 1685 - t. What is the tens digit of u?
2
Let l(q) be the third derivative of -5*q**4/24 + q**3/3 - 2*q**2. Let k be l(6). Let f = k - -103. What is the units digit of f?
5
Let z(w) be the third derivative of -19/24*w**4 - 1/60*w**5 + 28*w**2 + 0 + 1/3*w**3 + 0*w. What is the tens digit of z(-15)?
6
Let o = -4673 + 8232. What is the units digit of o?
9
Suppose d - 2*d = v - 47, 2*v + 3*d - 99 = 0. Suppose -3*b + 9*b = -v. What is the units digit of ((-321)/15 + b)/(4/(-10))?
1
What is the ten thousands digit of 3019428/198 - (-36)/99?
1
Suppose -4*m + 4*b - 5 = -21, 0 = m - 5*b. Suppose -65*a + m = -60*a. Suppose -4*u - 2*x + 194 = 0, -a + 6 = -5*x. What is the units digit of u?
9
Suppose 0 = 3*m - j - 67467, -4*m + 3*j + 0*j + 89951 = 0. What is the tens digit of m?
9
Let d(z) = 28899*z + 2312. What is the units digit of d(1)?
1
Suppose 210832 = -194*w + 3838645 + 224833. What is the ten thousands digit of w?
1
Let t = -1641 - -13119. What is the tens digit of t?
7
Let y(w) = 33*w - 195. Let u be y(6). Suppose -534 = -u*t + 3*x, 3*t + 5*x - 274 = 292. What is the tens digit of t?
8
Let r(o) = o**3 + 24*o**2 - 29*o - 8. Let c be r(-25). Suppose -427 = -4*l + 5*w, 26 = l + w - c. What is the tens digit of l?
1
Let b(d) be the second derivative of 5*d**4/12 + 2*d**3/3 + 48*d**2 + 174*d. What is the thousands digit of b(14)?
1
Suppose -3*v - 1079 = -5*b, 5*v = 3*b - 1155 - 638. Let h = v - -468. What is the hundreds digit of h?
1
Let h = -24 - -36. Suppose -h = 4*g, 2*m - 164 = -0*m - 2*g. What is the tens digit of (34/m)/(1/135)?
5
Let t = -29750 - -70603. What is the tens digit of t?
5
Suppose -5*w = -5*y + 1415, 415 + 434 = 3*y - 5*w. Let u = -256 + y. What is the tens digit of u?
2
Suppose 15*l + 23903 = -825 + 114068. What is the units digit of l?
6
Let n(f) = 7*f**2 - 1. Let i be n(1). Let h be 1*2/i*3123/3. Suppose 0 = -3*x - 5*z + 3*z + h, -343 = -3*x - z. What is the tens digit of x?
1
Suppose 208*a - 209*a - 5*x = -11176, 4*a = -6*x + 44676. What is the tens digit of a?
6
Suppose -1383 = 4*n + 4*s - 11707, -2601 = -n + 4*s. What is the tens digit of n?
8
Suppose 4*l - 2107 = -459. Suppose j = -j + l. What is the units digit of j?
6
Let s be -2 - (-2 - -1)/(1/3398). What is the tens digit of ((-13)/(-39))/(((-14)/s)/(-7))?
6
Let w = 27034 - 1674. What is the hundreds digit of w?
3
Let c(z) = 5*z**3 - 1. Let h be (6/(-9))/((-2)/3). Let r be c(h). Suppose r = -8*q + 116. What is the tens digit of q?
1
Let h = 533 + 181. What is the tens digit of h?
1
Let t(g) = 5*g + 45. Let i be t(-10). Let n be ((-69)/i)/((-1)/(-10)). Let z = n - -77. What is the units digit of z?
5
Let i(c) = -c + 46. Let g be i(9). Suppose 5*o + g - 347 = 0. What is the tens digit of o?
6
Let g be ((-20)/7)/((48/(-231))/8). Let i = g + 267. What is the tens digit of i?
7
What is the units digit of (-1*114*-2)/(4 - -2 - 5)?
8
Suppose -4*g = -2*g - 18. Let u be 8/(-36) - (0 + (-245)/g). Suppose -605 = -32*f + u*f. What is the units digit of f?
1
Let q = 5470 + -5468. Let d be (-2)/(-5) - 5193/(-5). Suppose 2*y - 445 = q*h - 39, -d = -5*y - 3*h. What is the units digit of y?
6
What is the tens digit of -11 + 444/42 + 9288/14?
6
Let b(j) = 48*j**3 - j**2 + j + 1. Let u be b(-1). Let d = u + 51. What is the tens digit of -1 - (1 - 2) - (-522)/d?
6
Let j(m) = 2*m**2 - 11*m - 21. Let x be (9 - -6)/(6/4). Let s be j(x). What is the units digit of 399/4 - (s/12 + -5)?
9
Let z = -16 - -119. Suppose 0 = -8*x - 233 - z. Let c = 101 + x. What is the tens digit of c?
5
Let s = 5 + -2. Suppose 0 = -c + 2*l - 1, c - 3*l - 23 = s*c. What is the tens digit of (-2)/c + 369/7?
5
Suppose 0 = 21*z - 4*z - 119. What is the hundreds digit of z/70 - 1/(20/(-3938))?
1
Let k(x) = 3*x**2 - 4*x + 6. Let y(d) = -5*d**2 + 7*d - 11. Let j(f) = 5*k(f) + 2*y(f). Let p be j(4). Let r = p - -19. What is the units digit of r?
3
Suppose 33270 = -93*i + 96*i. What is the hundreds digit of i?
0
Suppose -2*k + 2*n - 23 = -105, 5*k + 2*n - 233 = 0. Let z be -3 + k/(5/1). Suppose -z = -3*u, b - 4*b + 3*u = -288. What is the tens digit of b?
9
What is the units digit of 18*(-31871)/(-14) + 3?
0
Let m be 4*((-66)/110)/(2/(-265)). Suppose -2*l + 566 = -m. What is the hundreds digit of l?
4
Let g be 5/((-20)/(-36)) + 1*2. Suppose 0*p = g*p - 704. What is the tens digit of p?
6
Suppose -x = 3*y -